ighest common factor of 17226 and 6245063.
319
Calculate the highest common divisor of 2431 and 3614182.
143
What is the highest common divisor of 214 and 69878?
2
What is the greatest common divisor of 207945718 and 58?
58
What is the greatest common factor of 3026 and 966718?
178
What is the greatest common divisor of 3927792 and 3?
3
What is the highest common factor of 1528 and 47322924?
764
What is the highest common divisor of 3570264 and 16?
8
Calculate the highest common divisor of 1680 and 1875120.
240
Calculate the greatest common divisor of 24988726 and 49.
49
What is the highest common factor of 65620 and 19874368?
772
Calculate the highest common factor of 301322387 and 589.
589
Calculate the highest common divisor of 11109 and 2174949.
483
What is the greatest common factor of 3012717 and 12213?
177
Calculate the greatest common divisor of 12652464 and 992.
496
Calculate the highest common divisor of 648872 and 2240.
56
Calculate the greatest common divisor of 900 and 98940.
60
Calculate the greatest common divisor of 8940 and 29067069.
447
What is the highest common divisor of 15778 and 409226097?
7889
Calculate the highest common divisor of 9270 and 3319587.
927
Calculate the greatest common factor of 349790 and 4370.
190
Calculate the highest common factor of 125 and 291234875.
125
What is the greatest common factor of 104 and 22605544?
104
Calculate the greatest common divisor of 14892 and 26764647.
3723
What is the highest common divisor of 12448332 and 335?
67
What is the highest common divisor of 254218 and 3689?
17
Calculate the highest common divisor of 36 and 110086104.
12
Calculate the greatest common factor of 16044238 and 103682.
2206
Calculate the highest common factor of 520300 and 11350.
50
What is the highest common factor of 1606300720 and 6960?
2320
Calculate the greatest common divisor of 143055 and 9248.
289
Calculate the greatest common divisor of 70 and 5882674.
14
Calculate the highest common factor of 3375730 and 92650.
1090
Calculate the greatest common divisor of 122802 and 1431002.
422
Calculate the greatest common divisor of 49152 and 345.
3
What is the highest common divisor of 377677918 and 67634?
9662
What is the highest common factor of 31003 and 1043567?
301
What is the highest common divisor of 55003 and 24675192?
4231
What is the greatest common divisor of 270824 and 462593?
97
Calculate the highest common factor of 1200493 and 427021.
8057
What is the greatest common factor of 646 and 781082?
34
Calculate the highest common divisor of 435 and 102039168.
87
Calculate the greatest common factor of 7088003 and 624.
13
What is the greatest common divisor of 1150465991 and 4987?
4987
Calculate the highest common factor of 24193 and 27578159.
1861
Calculate the highest common divisor of 444812 and 260.
4
What is the greatest common factor of 49980 and 40426?
34
Calculate the greatest common divisor of 4396310 and 230.
10
Calculate the highest common divisor of 1533 and 45091589.
73
What is the greatest common factor of 634608 and 1776?
48
Calculate the greatest common divisor of 113485544 and 29915.
5983
What is the highest common divisor of 21 and 3512229?
21
Calculate the greatest common factor of 37 and 109788361.
37
What is the highest common divisor of 1928152 and 10208?
232
Calculate the greatest common divisor of 1130 and 117021896.
226
Calculate the greatest common factor of 1535808 and 1748.
76
What is the highest common divisor of 16962432 and 7317?
813
What is the highest common factor of 48 and 229482768?
48
Calculate the greatest common divisor of 261607 and 95856.
1997
What is the highest common factor of 16640 and 8048640?
1280
What is the greatest common divisor of 693179256 and 792?
264
Calculate the greatest common divisor of 39775 and 260665.
185
What is the highest common factor of 94025 and 12840054?
3761
What is the highest common factor of 1138272 and 160?
32
Calculate the highest common factor of 155031 and 42.
3
What is the highest common divisor of 7290 and 1444470?
30
What is the highest common divisor of 3266 and 190233?
23
Calculate the greatest common factor of 16940 and 6591200.
1540
Calculate the highest common factor of 22 and 2658437386.
22
What is the highest common factor of 233875908 and 756?
252
What is the highest common factor of 14308992 and 7248?
48
What is the greatest common divisor of 19767090 and 2065?
35
What is the highest common divisor of 22125 and 675250?
125
What is the highest common divisor of 10551688 and 128968?
2632
What is the highest common factor of 95906 and 30350?
1214
Calculate the greatest common divisor of 6509 and 99130.
23
Calculate the greatest common factor of 1389 and 11823168.
1389
Calculate the greatest common divisor of 307390 and 591770.
590
What is the highest common divisor of 5824 and 998368?
224
Calculate the highest common divisor of 2654 and 578489726.
2654
What is the greatest common divisor of 2850 and 12808450?
50
Calculate the highest common factor of 310091688 and 216.
72
Calculate the greatest common divisor of 54301468 and 10608.
884
Calculate the greatest common divisor of 261112 and 1397.
127
Calculate the highest common divisor of 40098175 and 1950.
325
Calculate the highest common factor of 149792180 and 55.
5
What is the highest common factor of 372534 and 2104603?
2141
What is the highest common factor of 3670058 and 392?
14
Calculate the greatest common factor of 124939 and 16171.
103
Calculate the greatest common factor of 15934697 and 5792.
181
Calculate the greatest common factor of 173794 and 9944.
226
Calculate the greatest common factor of 27331 and 14480.
181
Calculate the highest common divisor of 1318 and 12442.
2
Calculate the highest common divisor of 140261 and 123574.
451
What is the highest common divisor of 1576 and 242856872?
1576
What is the greatest common factor of 1647090 and 840?
30
Calculate the greatest common divisor of 1521 and 862956.
9
What is the greatest common divisor of 250588 and 546?
26
Calculate the highest common divisor of 5963590 and 17746.
934
What is the greatest common divisor of 70920 and 1629190?
1970
Calculate the greatest common factor of 4121 and 187981.
317
What is the greatest common factor of 19125 and 101847?
51
Calculate the highest common factor of 180 and 7561860.
60
What is the greatest common factor of 127434403 and 2661?
887
What is the highest common factor of 4662000 and 50?
50
What is the greatest common factor of 12965346 and 173814?
2946
Calculate the highest common factor of 52224 and 39096.
24
What is the highest common divisor of 110 and 90614?
2
Calculate the highest common factor of 1364 and 49743716.
1364
What is the greatest common divisor of 130 and 15521662?
26
What is the greatest common factor of 41 and 3315916?
41
Calculate the highest common divisor of 264 and 2650758.
66
What is the highest common divisor of 261051 and 2480310?
651
Calculate the greatest common factor of 63713049 and 2.
1
Calculate the highest common divisor of 38033 and 104974.
73
What is the highest common divisor of 84417 and 40983?
57
What is the highest common divisor of 9414741 and 5817?
21
Calculate the highest common factor of 15485 and 7970700.
815
What is the greatest common divisor of 6001 and 967317?
17
Calculate the greatest common divisor of 25774254 and 594.
594
What is the highest common factor of 324632204 and 11492?
884
What is the greatest common factor of 116624 and 51614?
394
Calculate the greatest common factor of 258157504 and 704.
704
What is the highest common factor of 990 and 65603010?
330
What is the greatest common divisor of 41618 and 737?
1
Calculate the greatest common factor of 217774314 and 5738.
5738
What is the highest common factor of 13746859 and 2345?
469
What is the greatest common divisor of 2667 and 40822880?
889
What is the highest common factor of 451 and 9176497?
451
What is the highest common factor of 1064 and 31755346?
266
What is the highest common factor of 13 and 20338487?
13
What is the highest common divisor of 598 and 515054410?
598
Calculate the greatest common factor of 7778 and 87693061.
3889
What is the highest common factor of 3721158 and 48426?
42
What is the highest common divisor of 7369967 and 627?
20